10
-11591
What is -1000110100 (base 3) in base 11?
-14047
What is 150778 (base 9) in base 5?
10424432
Convert 771 (base 8) to base 10.
505
What is -1142240 (base 5) in base 10?
-21570
What is -11672 (base 13) in base 9?
-47635
1d86 (base 14) to base 4
1110202
Convert 33ab (base 13) to base 15.
2229
Convert 24b1 (base 15) to base 11.
5966
-2b0c (base 15) to base 14
-351b
What is -733 (base 14) in base 12?
-9a1
Convert 291 (base 10) to base 3.
101210
Convert -203311 (base 4) to base 7.
-6454
What is -1423 (base 6) in base 3?
-111220
What is -200101 (base 3) in base 12?
-354
3019 (base 13) to base 8
14725
What is -1abaa (base 12) in base 4?
-21230302
Convert -211204 (base 6) to base 7.
-100654
What is 2142141 (base 5) in base 10?
37171
2112333 (base 4) to base 7
40113
Convert 3023 (base 11) to base 15.
12cd
What is 26206 (base 7) in base 9?
10487
283d (base 15) to base 10
8608
What is -30 (base 5) in base 4?
-33
-a4 (base 12) to base 15
-84
Convert 6844 (base 11) to base 4.
2030222
385 (base 16) to base 13
544
What is -170 (base 9) in base 10?
-144
Convert 2857 (base 9) to base 16.
86e
-6164 (base 9) to base 2
-1000110100001
Convert 2b39 (base 15) to base 10.
9279
-86a0 (base 13) to base 2
-100100100100000
What is -19010 (base 10) in base 5?
-1102020
What is 1100000111110 (base 2) in base 5?
144311
What is -4d6 (base 16) in base 15?
-578
Convert 32134 (base 5) to base 7.
6216
11210 (base 3) to base 7
243
What is -1011110111 (base 2) in base 13?
-465
What is -1110221200 (base 3) in base 15?
-8969
Convert 325 (base 11) to base 4.
12012
Convert -13184 (base 10) to base 9.
-20068
What is 74a (base 16) in base 5?
24431
What is -2400 (base 5) in base 16?
-15e
770 (base 8) to base 16
1f8
-1042 (base 12) to base 7
-5120
1477 (base 9) to base 7
3163
What is -32214 (base 5) in base 15?
-9a9
What is 211 (base 8) in base 16?
89
What is 8a1 (base 14) in base 3?
2100022
What is 1543 (base 6) in base 2?
110100111
-26203 (base 7) to base 13
-3226
What is 10033 (base 5) in base 14?
33d
9486 (base 10) to base 14
3658
What is -779b (base 12) in base 2?
-11001110100111
Convert 188 (base 14) to base 15.
161
Convert -10111200 (base 3) to base 4.
-213330
Convert -8623 (base 9) to base 12.
-3803
-30 (base 11) to base 9
-36
Convert 235f (base 16) to base 11.
6892
-37b (base 16) to base 2
-1101111011
What is -37dc (base 15) in base 5?
-340112
Convert 111023 (base 4) to base 14.
6cb
Convert 17587 (base 10) to base 4.
10102303
Convert -2313 (base 5) to base 11.
-283
Convert 3e68 (base 15) to base 16.
343d
What is 2301112 (base 4) in base 6?
124314
33002 (base 6) to base 13
20b1
Convert 2143 (base 7) to base 10.
766
Convert 1111100110 (base 2) to base 13.
5ba
What is 3a8 (base 13) in base 14?
341
What is -3931 (base 10) in base 16?
-f5b
Convert -4f (base 16) to base 7.
-142
11324 (base 5) to base 14
43d
What is 2320320 (base 4) in base 3?
121020020
-4643 (base 9) to base 7
-13014
Convert 4665 (base 7) to base 13.
a1a
Convert -1132 (base 11) to base 4.
-113033
2001010200 (base 3) to base 13
153ab
-d50 (base 15) to base 5
-44000
-2220010 (base 3) to base 4
-200331
Convert 4241 (base 5) to base 6.
2351
1430232 (base 5) to base 12
15497
Convert -114 (base 9) to base 8.
-136
What is -122010 (base 3) in base 6?
-2050
-3254 (base 6) to base 2
-1011110010
What is -101100000011 (base 2) in base 15?
-c7e
21d (base 14) to base 12
2ab
Convert -2473 (base 9) to base 5.
-24343
1200220 (base 3) to base 4
103113
Convert 4315 (base 11) to base 9.
7736
What is 730 (base 12) in base 9?
1380
What is -34337 (base 8) in base 16?
-38df
-571 (base 9) to base 14
-257
Convert 1422 (base 7) to base 3.
202120
6d87 (base 16) to base 7
144514
What is 133301 (base 5) in base 11?
4106
-10465 (base 13) to base 4
-13022020
What is -201223 (base 5) in base 9?
-8743
Convert 142307 (base 8) to base 15.
edd5
Convert 22112 (base 6) to base 9.
4178
What is -15557 (base 11) in base 4?
-11113023
Convert -44055 (base 6) to base 3.
-22100022
What is 122a (base 13) in base 10?
2571
Convert -9bb (base 12) to base 13.
-869
37631 (base 8) to base 13
7545
What is -16643 (base 13) in base 14?
-11860
What is ab0f (base 16) in base 6?
534423
Convert 2bd (base 15) to base 11.
521
Convert -223c (base 13) to base 3.
-20120011
12d0 (base 14) to base 11
2547
Convert -7d8 (base 15) to base 7.
-5120
What is -3425 (base 7) in base 8?
-2334
-24441 (base 5) to base 16
-74f
What is 10443 (base 5) in base 7?
2116
Convert 215b (base 16) to base 3.
102201021
4a (base 16) to base 6
202
-1946 (base 11) to base 7
-10126
3573 (base 15) to base 14
41d4
-42c (base 14) to base 13
-4b5
Convert 42822 (base 10) to base 14.
1186a
Convert -1110110000110 (base 2) to base 10.
-7558
What is 1686 (base 10) in base 16?
696
Convert 153 (base 6) to base 14.
4d
-120102 (base 3) to base 12
-2a8
Convert 901 (base 16) to base 3.
10011101
Convert 11022303 (base 4) to base 3.
1002001010
415 (base 14) to base 6
3415
-95ab (base 15) to base 3
-1121102122
What is 4104 (base 5) in base 11?
441
-35004 (base 6) to base 3
-20211011
What is -1010010001 (base 2) in base 7?
-1626
280d (base 16) to base 10
10253
What is -31287 (base 11) in base 16?
-b217
Convert 64 (base 13) to base 15.
57
Convert 3a4 (base 16) to base 10.
932
What is -105 (base 15) in base 14?
-126
Convert 1a5b (base 13) to base 2.
111101111011
683 (base 11) to base 5
11232
Convert -850 (base 13) to base 16.
-589
-1586 (base 10) to base 3
-2011202
Convert -1430 (base 7) to base 10.
-560
Convert -4e94 (base 16) to base 6.
-233044
Convert 3625 (base 13) to base 9.
11424
Convert 40331 (base 6) to base 11.
3a99
What is -1103030 (base 4) in base 16?
-14cc
121301 (base 4) to base 14
85b
1033 (base 9) to base 10
759
41824 (base 9) to base 2
110101111111011
Convert -2429 (base 15) to base 16.
-1e09
Convert -32176 (base 13) to base 9.
-146831
42034 (base 5) to base 14
101b
Convert -222 (base 5) to base 9.
-68
-188e (base 15) to base 4
-1102331
33321 (base 5) to base 15
a5b
-11010001111110 (base 2) to base 4
-3101332
-a46 (base 11) to base 6
-5500
-2002021 (base 3) to base 13
-8cb
Convert -23582 (base 9) to base 6.
-201032
What is -13325 (base 6) in base 7?
-6014
232013 (base 5) to base 15
273d
Convert -11010001101000 (base 2) to base 8.
-32150
What is -1010011001000110 (base 2) in base 15?
-c92b
What is 4a8 (base 13) in base 16?
32e
Convert -30300 (base 4) to base 13.
-4aa
Convert aac (base 14) to base 7.
6105
What is 131202 (base 4) in base 12?
1116
Convert -23b4 (base 13) to base 8.
-11670
What is b1 (base 15) in base 2?
10100110
-332 (base 7) to base 6
-442
Convert 3b7 (base 15) to base 8.
1517
Convert 223124 (base 5) to base 16.
1eea
Convert 1000222011 (base 3) to base 13.
9385
What is 6048 (base 13) in base 10?
13242
19275 (base 10) to base 15
5aa0
What is -450 (base 11) in base 8?
-1033
What is 1155 (base 9) in base 10?
860
-10210 (base 4) to base 11
-246
232 (base 5) to base 6
151
Convert c030 (base 16) to base 12.
24580
816 (base 16) to base 3
2211200
146 (base 8) to base 11
93
Convert -24040 (base 7) to base 4.
-1200322
Convert 4403 (base 7) to base 12.
aab
431 (base 16) to base 7
3062
-172 (base 16) to base 15
-19a
What is -594 (base 16) in base 8?
-2624
11a6 (base 13) to base 3
10102200
What is -266 (base 11) in base 8?
-472
1d2 (base 16) to base 4
13102
-3662 (base 8) to base 16
-7b2
Convert -2105 (base 6) to base 14.
-25b
What is d22 (base 15) in base 3?
11001112
-20527 (base 9) to base 11
-a200
Convert 19469 (base 10) to base 12.
b325
Convert -7316 (base 15) to base 14.
-8c13
What is 110010100010 (base 2) in base 10?
3234
221010 (base 3) to base 9
833
-57270 (base 10) to base 15
-11e80
What is 63b6 (base 14) in base 11?
11a28
-ab66 (base 14) to base 6
-345234
341 (base 13) to base 4
20300
Convert -5651 (base 9) to base 14.
-1745
Convert 11203 (base 4) to base 12.
257
What is -4520 (base 7) in base 15?
-73b
What is 11a6 (base 14) in base 4?
300032
4193 (base 15) to base 13
6405
-268 (base 16) to base 9
-754
Convert -2136 (base 8) to base 3.
-1112102
22644 (base 9) to base 4
3230002
Convert 499 (base 15) to base 8.
2024
What is -8646 (base 16) in base 2?
-1000011001000110
Convert 1022 (base 12) to base 3.
2101222
What is 80 (base 12) in base 10?
96
Convert 1016 (base 7) to base 12.
258
What is 1127 